 number?
True
Let w = 366 - 362. Suppose -w*c - 5*n = -13561, 3*n - 2756 - 636 = -c. Is c prime?
True
Let x = 4682 - 488. Let i be 2/(-3) - (-15358)/6. Suppose r - i = x. Is r a prime number?
False
Let l(k) = k**3 - 5*k**2 - 3*k - 6. Let p be l(8). Let n = -71 - p. Let i = 394 + n. Is i a composite number?
True
Suppose -4*i = -2*l + 1307822, 345*i = 2*l + 344*i - 1307804. Is l prime?
True
Let r(t) = 3057*t - 1. Let s be r(7). Suppose 4*i - s - 110565 = 3*l, 2*i - 10 = 0. Is l/(-21) + (-4)/(-6) a prime number?
False
Is 417240 + -5*(-88)/40 composite?
False
Let j = -30 - -64. Let z = -28 + j. Is (z*106/(-15))/(4/(-10)) a composite number?
True
Suppose -29*y + 9 = -26*y. Let a(b) = 0*b**3 + 37*b**3 - 2*b**3 - 5*b + 7 - y*b**2. Is a(4) prime?
True
Is (4/6 + -1)/(19/(-29057631)) composite?
False
Let r(n) = -46*n**2 - 13*n - 21. Let i(z) = -23*z**2 - 6*z - 10. Let p(j) = -13*i(j) + 6*r(j). Let k = 7 - 10. Is p(k) a prime number?
True
Let n be (34/6)/(2/24). Let m = -67 + n. Is (-4*m/(-6))/((-16)/(-16152)) prime?
True
Let s(v) = -55760*v - 11885. Is s(-23) prime?
False
Let f = -172 - -178. Is 406 + (f + -2)/4 a prime number?
False
Let a = 591504 + 447763. Is a a prime number?
False
Suppose 2*o + 6 = 0, o - 16 = -l + 7. Let h = 29 - l. Suppose -2879 = -h*f + w, 4991 = 4*f + 5*w + 1184. Is f composite?
True
Let g = 66 + -119. Let l be ((-60)/(-75))/((1/(-135))/1). Let w = g - l. Is w composite?
True
Suppose 2*q = 5*u + 3*q - 62, 4*u - 44 = 2*q. Suppose 3664*x = 3592*x + 4555080. Is x/20 + (3/u)/(-1) composite?
False
Is 4/(-1) - 1287162/(-86) a composite number?
True
Let f(d) be the second derivative of -26*d**4/3 + 15*d**3/2 - 16*d**2 - 29*d. Let p(m) be the first derivative of f(m). Is p(-11) prime?
True
Suppose 0*h = s - 3*h + 6, -s = 3*h - 24. Let j(p) = -10 - 11*p + s - 51*p. Is j(-2) prime?
False
Let y(q) = 362*q**2 - 71*q - 431. Is y(-10) prime?
True
Is (60922873/21)/19 - (-10)/105 prime?
False
Let x(s) = 2774*s**2 - 4*s + 181. Is x(-14) a prime number?
False
Suppose 0 = -21*x + 10*x. Suppose 0 = k - 3*q - 600 + 72, -2*k - 2*q + 1080 = x. Is k a composite number?
True
Suppose -13*f + 58559695 = 18*f + 30*f. Is f a composite number?
True
Let h be -3 - 34*(-1)/2. Let p = 28 - 70. Is (-12120)/p - (-6)/h a composite number?
True
Let c be -30*(0 - (-10)/(-15)). Suppose c = -2*t - 36. Is 1*(-9)/3 - (4 + t) prime?
False
Let o = -36554 - -82953. Is o composite?
False
Suppose 4*u = -12 - 4. Let o(l) = -l**3 - 3*l**2 + 4*l + 3. Let x be o(u). Suppose -398 = -4*v - 3*p + 5*p, -281 = -x*v - 2*p. Is v composite?
False
Let q = -824 - -7336. Suppose -3*s - 3178 = -2*z, -3*s - q - 1433 = -5*z. Is z prime?
False
Let y(r) = 402*r - 42. Let w be y(9). Suppose -3*g - 3*h + 8613 + w = 0, -4*g + 16252 = 5*h. Is g prime?
False
Let t(z) be the third derivative of 5*z**4/24 + z**3/2 + 33*z**2. Let c be t(-2). Is 787/1*(-5 - c) prime?
False
Suppose -5*x = -5*m + 390, 2*m - x + 4*x = 156. Let c(w) = 3*w**2 + 29*w + 71. Let a be c(-9). Let h = m - a. Is h a composite number?
True
Let k = 490 - 487. Suppose 1 = y - 4. Suppose 2530 = 5*z + k*g, -z = -y*g + 3*g - 519. Is z a prime number?
True
Suppose 0 = 5*f + 11*f - 265364 + 13732. Is f a composite number?
False
Suppose 5*u + 3*j - 32 = 0, -2*u - 8 = -4*j - 0*j. Let n be -1 + -1*(1 - 2). Suppose a - x - 14 = -3*x, -u*a + 2*x + 16 = n. Is a a composite number?
True
Let x(d) = 23*d**2 + 5*d - 1. Suppose -4 = 4*f - 16. Suppose -6 = f*o + 6. Is x(o) a prime number?
True
Let t be 57/3*(-7)/(14/4). Let z = t + 41. Suppose -z*u + c + 5620 = -215, 2*u - 3890 = -c. Is u a prime number?
False
Let v(a) = 1036*a**3 + a**2 - a + 1. Let z be v(1). Suppose 0 = u + z - 290. Let l = -368 - u. Is l composite?
False
Is 1/((-55)/(-4148705)*1/1) a prime number?
True
Suppose 4*m + 25 = -5*g - 1, 2 = -3*m + 5*g. Is ((-23545)/(-20) - -14)/((-1)/m) prime?
False
Is (-588816)/(-5) - (7 - (-68)/(-10)) a composite number?
False
Let c(l) = 4*l - 36. Let r be c(9). Suppose s + 2*s - 4*t - 349 = r, 0 = 4*s + 3*t - 507. Is s a composite number?
True
Suppose 15 = 30*g - 25*g. Let w(x) = -35 + 40*x - 77*x**3 - 24*x**2 - 15*x + 78*x**g. Is w(24) prime?
False
Is (790 - 789)/((-981533)/(-490766) - 2) composite?
True
Let d = -69 + 67. Let w(u) = 3*u**3 - 3*u**2 - 2*u + 3. Let m(c) = 6*c**3 - 7*c**2 - 3*c + 7. Let f(p) = d*m(p) + 5*w(p). Is f(5) prime?
True
Let w(y) = 220*y - 12. Let z be 4 + 2 + 1 + -3. Let q be w(z). Let t = q - 57. Is t a composite number?
False
Let t(z) = -169*z**3 + 3*z**2 + 4*z + 5. Let w(m) = m**2 - 15*m + 24. Let i be w(7). Let l = i + 30. Is t(l) a prime number?
True
Let y = -33 - -21. Let z(l) = -3*l - 23. Let u be z(y). Let g(b) = -b**3 + 14*b**2 - 6*b - 8. Is g(u) a prime number?
True
Is ((-21341)/2 - 0)*(5 + (-21)/3) a prime number?
True
Let c = 294 - 285. Let i(r) = 44*r**2 + 22*r - 60. Let q(f) = -15*f**2 - 7*f + 20. Let z(b) = -2*i(b) - 7*q(b). Is z(c) a prime number?
False
Let l(f) = -17*f**2 + 8*f - 140. Let z be l(13). Let h = z + 5750. Is h composite?
True
Let t(n) = -3620*n**3 - n**2 - 16*n - 9. Is t(-2) composite?
False
Suppose 5*n - 5*i - 210 = 0, -24*i + 19*i - 20 = 0. Suppose -n*c = -21742 - 42516. Is c prime?
False
Suppose -5*j + 2*j + 33 = 3*q, 3*j + 2*q - 31 = 0. Is 3 - (-30)/(-20)*(-81876)/j a composite number?
False
Let l be -2 + 3 - (5/1)/(-5). Suppose 5*r - 332 = -j, 0 = -4*r - j - l*j + 270. Let t = 17 + r. Is t a composite number?
False
Suppose 5*z - 2*k + 7 - 30 = 0, 0 = -3*z + k + 13. Suppose 2*m - z*f = -137, f = -5*m - 422 + 122. Let w = 966 + m. Is w composite?
True
Suppose 22*z + 286808 = 874667 + 855143. Is z a composite number?
True
Let w(h) = -3*h**2 - 105*h + 36. Let t be w(-35). Suppose -17*u = -t*u + 140771. Is u composite?
True
Suppose -2*d + d = -6874. Let b = d + -3161. Is b prime?
False
Let v = 50742 + -34631. Is v prime?
True
Let x = 47791 - 26906. Is x composite?
True
Suppose n = -2*m + 32, -3*n + 6*m = 9*m - 81. Let h = n - 10. Suppose 0 = h*s - s - 1309. Is s composite?
True
Let s(l) = 21*l**2 - 101*l + 36. Let g be s(28). Let a = g - 6875. Is a composite?
True
Suppose 4*x = 5*v - 142, 0*x = 3*v - 3*x - 87. Let c(n) = 2*n**2 - 25*n + 11. Is c(v) prime?
False
Let u(t) be the third derivative of -t**5/60 - t**4/2 + 3*t**3 - 16*t**2. Let f be u(-13). Suppose 0 = -11*l + f*l + 66. Is l a composite number?
False
Suppose 0 = -78*y + 72*y + 24. Suppose -y*m - m = -50. Is 5/2*7692/m a prime number?
False
Is ((-611944)/(-12) + 4)/((-6)/(-9)) prime?
False
Let a(w) = -56*w + 27. Suppose 0 = -3*u + 8*u + 50. Is a(u) composite?
False
Is 11144925/180 - (-10)/(-8) - 6 a composite number?
False
Let s = -3298 + -755. Let w = -6415 - s. Is (3/(-3))/(3 - w/(-787)) a prime number?
True
Let w = 194 - 184. Suppose -w*v + 1881 = -2909. Is v composite?
False
Suppose -4*v + 7*v - 43150 = q, 20 = -5*q. Let p = v - 8443. Is p a prime number?
True
Let g(c) = -c**3 - 5*c**2 - 7*c - 6. Let j be g(-4). Let h be (10/j)/((-2)/48). Let d = h + 185. Is d composite?
True
Let h = 382861 - 34574. Is h a composite number?
False
Let v be ((-2)/(-2))/((-23)/(-690)). Suppose f = -2*f - 4*d - 5, 4*f = 2*d + v. Suppose 0 = -3*s - 4*p + 883, 4*s + 3*p - 1170 = f*p. Is s prime?
True
Let q be (-2)/(-6) - (-1075)/15. Let t be 154/(-66) + (-2)/(-6). Is t/(-8)*1915 + 18/q a composite number?
False
Let k(h) = h**3 + 6*h**2 - 4*h - 18. Let g be k(-6). Is (2067/g)/(2/4) prime?
False
Let w be (-3)/((-99)/(-6)) + 57/11. Suppose 0 = -5*m + 4*a + 45, 5*m = w*a + 3 + 47. Suppose -m*x + 252 = -33. Is x a composite number?
True
Let q(t) = 46*t**2 + 35*t + 306. Is q(-31) prime?
True
Suppose 4*u = 2*u - 4*g + 72156, 0 = -5*u + 2*g + 180450. Let a = u - 23055. Is a a prime number?
True
Let v = 117 - 113. Is (1/(v/2716))/1 prime?
False
Suppose 0 = -5*h + 12218 + 74057. Suppose 2*n = h + 10515. Is n a prime number?
False
Let m be 5/((-180)/(-14217)) - (-1)/12. Suppose 4861 - 905 = 5*k + 4*s, 5*s = 2*k - 1556. Let o = k - m. Is o a composite number?
True
Let y(j) = j**3 + 18*j**2 + 66*j + 23. Let m be y(-13). Let z(o) = 37*o**2 - 12*o + 13. Is z(m) a prime number?
True
Suppose -4*x + 40 - 32 = 0. Suppose 0 = 5*f - 2*p - 44517, -x*f - 9*p = -6*p - 17803. Is f a prime number?
False
Let i be ((-62)/(-22) - 3) + 36610/11. Let n = 5941 - i. Let v = -286 + n. 